10111
What is 2 (base 5) in base 4?
2
4 (base 15) to base 16
4
Convert -202 (base 10) to base 4.
-3022
11000 (base 3) to base 7
213
What is -146 (base 14) in base 15?
-123
What is -50 (base 6) in base 13?
-24
Convert -138 (base 11) to base 7.
-321
What is 54 (base 7) in base 2?
100111
-423 (base 5) to base 6
-305
10 (base 11) to base 4
23
Convert 13 (base 5) to base 12.
8
1111 (base 2) to base 4
33
Convert 4 (base 10) to base 14.
4
What is 41 (base 5) in base 13?
18
What is 20 (base 8) in base 16?
10
-1c (base 16) to base 14
-20
What is 3 (base 14) in base 8?
3
Convert 11 (base 4) to base 8.
5
-1100 (base 6) to base 2
-11111100
What is -2 (base 3) in base 14?
-2
Convert 1321 (base 5) to base 11.
182
Convert -100101 (base 2) to base 8.
-45
What is -46 (base 8) in base 4?
-212
What is 212 (base 3) in base 14?
19
-bb (base 14) to base 4
-2211
What is -11 (base 2) in base 10?
-3
c (base 16) to base 10
12
What is 2 (base 6) in base 2?
10
Convert 6 (base 10) to base 6.
10
4 (base 10) to base 14
4
Convert 275 (base 10) to base 12.
1ab
Convert -30 (base 4) to base 8.
-14
-3 (base 9) to base 4
-3
Convert 23 (base 9) to base 2.
10101
2 (base 10) to base 8
2
Convert 4 (base 6) to base 4.
10
Convert 1 (base 9) to base 5.
1
What is -20 (base 10) in base 3?
-202
Convert 22 (base 10) to base 3.
211
Convert -15 (base 14) to base 4.
-103
8 (base 12) to base 13
8
Convert -14 (base 5) to base 9.
-10
What is 1 (base 8) in base 13?
1
Convert -6 (base 13) to base 12.
-6
3 (base 15) to base 13
3
-10011100 (base 2) to base 13
-c0
What is 22 (base 3) in base 13?
8
Convert -3 (base 15) to base 12.
-3
What is 1 (base 14) in base 16?
1
-53 (base 6) to base 13
-27
Convert 0 (base 4) to base 3.
0
What is -21 (base 11) in base 3?
-212
241 (base 6) to base 8
141
-21 (base 12) to base 9
-27
What is 434 (base 7) in base 10?
221
21 (base 3) to base 4
13
-10011111 (base 2) to base 12
-113
Convert 0 (base 14) to base 15.
0
21 (base 9) to base 3
201
Convert 31 (base 10) to base 4.
133
-41 (base 5) to base 15
-16
Convert -17 (base 16) to base 11.
-21
Convert 0 (base 7) to base 14.
0
-11100001 (base 2) to base 8
-341
Convert -47 (base 12) to base 6.
-131
0 (base 5) to base 13
0
Convert -1011 (base 2) to base 15.
-b
What is -3 (base 16) in base 5?
-3
Convert -100100 (base 2) to base 5.
-121
Convert 111 (base 5) to base 10.
31
Convert 3 (base 8) to base 12.
3
What is -152 (base 11) in base 9?
-217
What is -3 (base 8) in base 3?
-10
33 (base 7) to base 5
44
Convert 111 (base 2) to base 7.
10
30 (base 5) to base 7
21
Convert -16 (base 16) to base 4.
-112
What is 4 (base 16) in base 13?
4
-10 (base 2) to base 14
-2
Convert 89 (base 14) to base 5.
441
Convert -64 (base 10) to base 9.
-71
-1033 (base 5) to base 3
-12022
10 (base 2) to base 16
2
Convert -10 (base 6) to base 14.
-6
Convert 302 (base 7) to base 12.
105
Convert -11112 (base 3) to base 4.
-1322
What is 2 (base 9) in base 8?
2
Convert -2343 (base 5) to base 4.
-11130
What is 65 (base 12) in base 9?
85
Convert -5 (base 9) to base 7.
-5
Convert -3 (base 15) to base 11.
-3
12 (base 3) to base 9
5
What is 0 (base 14) in base 7?
0
2 (base 11) to base 16
2
-42 (base 14) to base 11
-53
What is 1a (base 16) in base 7?
35
Convert 1010000 (base 2) to base 12.
68
-1 (base 12) to base 13
-1
-261 (base 8) to base 11
-151
Convert 21 (base 3) to base 12.
7
Convert 50 (base 14) to base 11.
64
Convert -12111 (base 3) to base 14.
-a8
Convert b (base 13) to base 4.
23
What is 1204 (base 6) in base 9?
354
Convert -18 (base 11) to base 10.
-19
What is 2 (base 8) in base 7?
2
Convert -31 (base 6) to base 5.
-34
What is -206 (base 8) in base 12?
-b2
Convert 2111 (base 3) to base 8.
103
What is -4 (base 14) in base 7?
-4
Convert -245 (base 8) to base 16.
-a5
What is 22 (base 16) in base 13?
28
Convert 3202 (base 4) to base 10.
226
Convert -36 (base 14) to base 11.
-44
What is -4 (base 13) in base 9?
-4
What is 136 (base 7) in base 9?
84
What is 1001 (base 2) in base 16?
9
-14a (base 14) to base 4
-10012
4 (base 13) to base 11
4
Convert -a (base 13) to base 7.
-13
Convert 244 (base 6) to base 8.
144
Convert 10 (base 5) to base 14.
5
-301 (base 6) to base 4
-1231
What is 10 (base 5) in base 16?
5
What is -32 (base 16) in base 7?
-101
210 (base 4) to base 6
100
Convert -23 (base 7) to base 5.
-32
-21 (base 3) to base 4
-13
1 (base 15) to base 12
1
-4 (base 9) to base 13
-4
Convert 3 (base 16) to base 9.
3
What is 3 (base 8) in base 3?
10
What is 8 (base 14) in base 15?
8
Convert -12 (base 12) to base 13.
-11
What is 58 (base 9) in base 10?
53
What is -61 (base 16) in base 15?
-67
What is 74 (base 12) in base 16?
58
Convert -1054 (base 6) to base 2.
-11111010
What is -24 (base 6) in base 15?
-11
Convert -11 (base 15) to base 10.
-16
What is -34 (base 10) in base 5?
-114
Convert -11010 (base 2) to base 15.
-1b
101 (base 3) to base 4
22
Convert -12 (base 3) to base 8.
-5
4 (base 12) to base 15
4
-2 (base 13) to base 16
-2
What is -d (base 15) in base 2?
-1101
-301 (base 4) to base 9
-54
-11 (base 4) to base 14
-5
Convert 222 (base 12) to base 16.
13a
Convert 3 (base 9) to base 5.
3
Convert -7 (base 16) to base 13.
-7
Convert 0 (base 8) to base 14.
0
Convert -19 (base 11) to base 2.
-10100
What is a (base 16) in base 12?
a
Convert 10 (base 3) to base 15.
3
Convert -1001 (base 2) to base 6.
-13
What is 121 (base 11) in base 4?
2100
Convert 0 (base 10) to base 15.
0
What is 36 (base 14) in base 5?
143
5b (base 14) to base 16
51
Convert 3 (base 11) to base 8.
3
What is 2 (base 7) in base 12?
2
What is -34 (base 10) in base 2?
-100010
-1110 (base 2) to base 10
-14
What is 11 (base 10) in base 6?
15
7 (base 15) to base 13
7
Convert -41 (base 5) to base 13.
-18
45 (base 13) to base 6
133
90 (base 14) to base 11
105
What is 119 (base 10) in base 15?
7e
What is -140 (base 6) in base 11?
-55
What is -ca (base 14) in base 15?
-bd
5 (base 16) to base 14
5
-192 (base 13) to base 16
-120
1100 (base 4) to base 11
73
What is -7 (base 12) in base 5?
-12
62 (base 12) to base 13
59
Convert 144 (base 9) to base 16.
79
Convert -1a (base 12) to base 4.
-112
3 (base 4) to base 8
3
What is 3 (base 10) in base 16?
3
Convert 1320 (base 4) to base 11.
aa
Convert 1011 (base 2) to base 7.
14
11 (base 11) to base 9
13
Convert -114 (base 5) to base 8.
-42
Convert -1 (base 11) to base 2.
-1
-7 (base 12) to base 11
-7
What is -141 (base 5) in base 8?
-56
101101000 (base 2) to base 14
1ba
132 (base 4) to base 16
1e
Convert 12 (base 7) to base 6.
13
-1 (base 12) to base 3
-1
2 (base 4) to base 12
2
What is -78 (base 9) in base 13?
-56
14 (base 12) to base 16
10
What is -224 (base 9) in base 16?
-b8
-55 (base 11) to base 12
-50
10 (base 6) to base 8
6
d9 (base 16) to base 2
11011001
Convert 43 (base 5) to base 7.
32
What is -50 (base 6) in base 13?
-24
What is 18 (base 15) in base 8?
27
Convert 8 (base 10) to base 7.
11
Convert 2212 (base 3) to base 14.
57
Convert 39 (base 15) to base 16.
36
-7 (base 15) to base 14
-7
What is 32 (base 13) in base 5?
131
What is -354 (base 7) in base 10?
-186
Convert -1a3 (base 14) to base 12.
-243
-68 (base 13) to base 6
-222
-11 (base 12) to base 8
-15
2e (base 15) to base 16
2c
What is -3 (base 5) in base 3?
-10
-89 (base 13) to base 16
-71
Convert -17 (base 8) to base 13.
-12
Convert -b (base 12) to base 6.
-15
Convert 27 (base 16) to base 11.
36
1 (base 5) to base 3
1
What is 13 (base 6) in base 3?
100
What is 16 (base 13) in base 11?
18
-338 (base 9) to base 12
-1b2
2 (base 5) to base 10
2
Convert -181 (base 13) to base 6.
-1134
0 (base 7) to base 4
0
What is 2 (base 9) in base 3?
2
-ac (base 16) to base 14
-c4
Convert 20 (base 6) to base 13.
c
What is 1100 (base 3) in base 10?
36
Convert 10 (base 9) to base 5.
14
0 (base 14) to base 12
0
Convert -1 (base 6) to base 16.
-1
What is -43 (base 16) in base 13?
-52
5 (base 9) to base 14
5
Convert a (base 13) to base 8.
12
Convert 5 (base 15) to base 12.
5
Convert 5 (base 8) to base 16.
5
310 (base 4) to base 11
48
Convert -2 (base 5) to base 4.
-2
Convert 20 (base 4) to base 12.
8
What is -1041 (base 5) in base 7?
-266
-140 (base 6) to base 10
-60
What is 12 (base 3) in base 2?
101
3 (base 15) to base 11
3
70 (base 10) to base 3
2121
What is -3 (base 10) in base 13?
-3
Convert 12020 (base 3) to base 6.
35